 -5). Suppose 5*o - 2*a = -3*a + 284, a = -f*o + 113. Calculate the highest common divisor of 9 and o.
3
Let g be -1*1*(-1 - 18). Let s(t) = 4*t - 27*t**2 + 17*t**2 - t**3 + 3 + g*t**2. Let r be s(6). What is the highest common divisor of r and 15?
15
Let v be 20/4 + (-3 - 0). Suppose v*p = 57 + 31. Suppose -19*d = -48*d + 319. Calculate the highest common factor of d and p.
11
Suppose 0 = w + 3*r + 7, 3*w - 19 = -2*w + 3*r. Let h be (-101)/((-404)/42) - 6/4*1. What is the greatest common factor of w and h?
1
Suppose -25*f + 2000 = 33*f + 22*f. What is the highest common divisor of f and 55?
5
Suppose -3*f - 4*f + 476 = 0. Let i = f - 68. Suppose 3*t - j - 81 = i, 3*t - 4*j = -0*j + 72. What is the highest common divisor of t and 42?
14
Let a be 63392/849 + 10/(-6). Calculate the highest common divisor of a and 1971.
73
Suppose -5*f + 4*p = -5686, -2*f - f = 4*p - 3386. Suppose 77 + 192 = 35*q - 221. What is the greatest common factor of q and f?
14
Let b be (1 - 13) + (19 - 14). Let g be (-1 - (-2)/6)*(-31 - b). Calculate the highest common factor of 400 and g.
16
Let h be (-3)/(6/16)*-64. Calculate the greatest common factor of h and 304.
16
Let c be 2/(5/(-30)*-1). Suppose 2*b + r = 211, 5*r = 7*b - c*b + 530. Suppose 0 = j + 4*j - 210. What is the greatest common factor of j and b?
21
Let p be 3726/36 + (-6)/(-4). Let l = p + 119. What is the greatest common factor of l and 32?
32
Let g(f) be the second derivative of -f**5/20 + 3*f**4/2 - 17*f**3/6 + 6*f**2 - 39*f. Let x be g(17). Calculate the highest common divisor of x and 204.
12
Let v(m) be the third derivative of m**4/6 + 7*m**3/3 - 6*m**2. Let c be v(-3). Let l be (c/(-6))/(-2*3/126). What is the highest common divisor of l and 77?
7
Let q(a) = -4*a**3 - 29*a**2 - 85*a - 68. Let z be q(-27). Calculate the greatest common divisor of z and 22.
22
Suppose 356*t + 351 = 395*t. Let u(k) be the second derivative of -2*k**3/3 - 7*k**2/2 + 5*k. Let j be u(-4). Calculate the highest common divisor of t and j.
9
Suppose r + 12156 = 5*n, n + 3*r = 1979 + 433. Calculate the highest common divisor of 216 and n.
54
Let r be (-18)/(-21)*(-14)/(-3). Suppose -d - 16 + 95 = r*b, -d + 3 = 0. What is the greatest common factor of 38 and b?
19
Let o be -2*1 + -3 + 9. Suppose 3*u + o*q - 204 = 0, -u = -2*u + 3*q + 81. Let l be -1 + 2 - -2 - (-108)/18. Calculate the highest common factor of u and l.
9
Let k(b) = b**3 + 66*b**2 - 71*b - 4. Let o be k(-67). What is the greatest common factor of 561 and o?
33
Suppose 174*f - 34107 + 2581 = 9364. Calculate the highest common divisor of f and 2632.
47
Suppose 6*i - 45 = -15. Suppose -y = 2 - i. Suppose -y + 5 = p. Calculate the highest common factor of p and 22.
2
Suppose -44*j + 40*j + 1020 = 2*g, -222 = -j + 5*g. Calculate the highest common factor of 72 and j.
36
Let h(w) = -w**2 + 12*w + 16. Let j be h(13). Suppose -9*f + 1344 = -j*f. What is the highest common factor of f and 128?
32
Let t(w) = -w**3 - 10*w**2 - 2*w + 78. Let m be t(0). What is the greatest common factor of 624 and m?
78
Suppose -24*n = 96*n - 4372 - 4028. Suppose 3*j + 0*m - m = 1048, 3*m - 6 = 0. What is the greatest common factor of n and j?
70
Let b be ((-1)/(-2) - (1 - -1))*-24. Suppose 0 = 4*h - h - 2*y - 1308, -3*h - y = -1317. Let l = h + -258. Calculate the greatest common factor of l and b.
36
Let o(c) = -2*c + 44. Let b be o(18). Let d be 264*-2*b/(-12). Calculate the greatest common factor of d and 64.
32
Let h(x) = 94*x**2 + 137*x + 47. Let q be h(-5). Calculate the greatest common divisor of 16 and q.
16
Let i = -4456 + 5784. Calculate the highest common factor of i and 1494.
166
Suppose -5*p - 2*z + 209 = -z, -z - 1 = 0. Suppose p = 2*v - 144. Let g(r) = 19*r - 45. Let j be g(4). What is the greatest common divisor of v and j?
31
Let h(z) = 560*z - 865. Let q be h(2). What is the highest common divisor of q and 180?
15
Suppose 7*v + m - 684 = 5*v, 3*v - m = 1036. Calculate the greatest common factor of 43 and v.
43
Let i be -2 - -5 - (-8955 - (31 + -12)). What is the greatest common factor of i and 47?
47
Let k = 83 - -17. Suppose 4*w = -84 + k. Suppose -76*b = -75*b - w. Calculate the highest common factor of 20 and b.
4
Let v(c) = -6*c + 4. Let k be v(-5). Suppose -2*s - u + 1302 = 0, 2*u + 1803 = 2*s + 531. What is the highest common factor of k and s?
34
Suppose 0 = -16*n - 11*n + 50220. Suppose -3*z - n = -1884. What is the highest common factor of z and 488?
8
Let g(t) = 20*t**2 - 39*t + 144. Let i be g(3). Calculate the greatest common factor of i and 46.
23
Let j(o) = -18*o + 40. Let l(h) = -h**3 - 8*h**2 + 11*h + 22. Let r be l(-9). Let q be j(r). Let v = q + 84. Calculate the greatest common divisor of v and 13.
13
Let f = 82165 + -43769. What is the greatest common divisor of f and 116?
116
Let r be (-2)/2 - (-5)/1. Let q = 1223 + -1221. Suppose 5*v = 3*d + 2*d + 35, -q = -v - r*d. Calculate the greatest common factor of 6 and v.
6
Let r(z) = -19*z - 8. Let c be r(-7). Let p = -85 + c. Suppose 19*u - 16*u = 15. Calculate the greatest common divisor of u and p.
5
Let o = -26 - -26. Suppose 0*p = -5*h + 3*p + 197, -4*p + 4 = o. Suppose -h*d - 800 = -44*d. What is the greatest common divisor of d and 25?
25
Let j(x) = -x**2 + 20*x + 45. Let q be j(-14). Let y = q + 456. Suppose 5*t = 121 + 129. What is the highest common divisor of y and t?
25
Suppose 4*s - 1234 = 32*r - 37*r, 741 = 3*r + 3*s. What is the highest common divisor of 21 and r?
3
Let r = 548 + -540. Let w be r + -15 - (-18)/1. Calculate the greatest common divisor of 11 and w.
11
Suppose 700 = 511*p - 476*p. What is the highest common divisor of p and 9820?
20
Suppose 2*s = 4*l + 3196, -220*l + 218*l - 7926 = -5*s. Calculate the greatest common divisor of 63 and s.
7
Let c(v) = -v**2 + 4*v + 3. Let h be c(0). Let o be -1 - (-32 - -6) - (4 + -3). Calculate the highest common factor of o and h.
3
Suppose 2*n + 15648 = a, -10*n + 11*n = -2*a + 31276. Calculate the greatest common divisor of 115 and a.
115
Let p be 1/(-3) - (-68)/6. Let m = 19 - 17. Suppose 3*g - 33 = 2*y + m*y, y = 0. Calculate the greatest common divisor of g and p.
11
Let r be ((-1)/4)/((-1)/4). Let j be (78/24)/(r - 9/12). Calculate the greatest common factor of 52 and j.
13
Suppose 3*c = t + 4421 + 591, 2*t = -4. What is the greatest common factor of c and 20?
10
Let x(v) = -6*v**2 + 19*v - 41. Let j be x(2). Let u(a) = -17*a - 215. Let r be u(j). What is the highest common factor of 4 and r?
4
Let n = 18135 - 14899. Calculate the greatest common factor of 4 and n.
4
Let p be (50/15 - -4)/(6/(-81)). Let b be (-9288)/p + (-6)/(-33). Calculate the highest common factor of b and 141.
47
Let x = -18 + 72. Let d(w) = 10*w - 202. Let j be (6/(-8)*-2)/((-168)/(-2464)). Let r be d(j). Calculate the greatest common factor of r and x.
18
Let g(d) be the second derivative of d**4/6 + 23*d**3/6 + 5*d**2 + 33*d - 2. Let u be g(-12). Calculate the highest common divisor of u and 550.
22
Let d = -1440 + 1445. Suppose -147 = -0*o - o. Suppose -d*p - o = -12*p. Calculate the highest common factor of p and 21.
21
Suppose -5*k + 4*p + 64 = 0, -4*k + 40 = -5*p - 13. Let l be ((-4 - -3) + 2)/(-1). Let r be -2 - (-294)/6 - l. What is the highest common factor of k and r?
12
Let u be 105/(-5)*(0 - 4/6). Let j(n) = 3*n - 22. Let b be j(u). Calculate the highest common factor of b and 340.
20
Let n = 12350 + -12071. What is the highest common factor of 775 and n?
31
Let a be (-4)/(0 + -1) - (30 + -14). Let x be ((-25)/(-20))/((-1)/a*3). Suppose 21*p = 20*p + x. What is the highest common divisor of 25 and p?
5
Suppose -15*i - 1359 = -4*z, -3*i + 104 + 256 = z. Calculate the greatest common divisor of z and 26.
13
Suppose 0 = 102*n - 2661 - 93. What is the highest common divisor of 22707 and n?
27
Let j = 320 + -79. Let m = -109 + j. Let x = 75 - 51. What is the greatest common divisor of m and x?
12
Let p(n) = -n**2 - 26*n + 43. Let j be p(-27). Let h = 2 - 0. Suppose 3*z - h*g - 2 = 12, 0 = -2*z - g + 7. Calculate the greatest common factor of z and j.
4
Suppose -2*n - 2*t = 2, -t + 10 - 3 = 3*n. Suppose -5*u - 2*u = 0. Suppose u = -3*m + f + 2*f + 3, 2*f = 5*m - 20. What is the highest common factor of n and m?
2
Let m = 640 - 420. Suppose 1236 = 10*v +